 210 and 1435?
35
Calculate the greatest common divisor of 37 and 629.
37
Calculate the highest common factor of 603 and 18.
9
Calculate the greatest common divisor of 36 and 9.
9
Calculate the highest common factor of 1299 and 6.
3
Calculate the highest common factor of 273 and 1456.
91
Calculate the highest common divisor of 9 and 729.
9
What is the highest common divisor of 573 and 9?
3
Calculate the greatest common factor of 27 and 6363.
9
Calculate the highest common divisor of 3 and 393.
3
Calculate the highest common factor of 7 and 707.
7
What is the highest common divisor of 18 and 486?
18
Calculate the highest common divisor of 503 and 2.
1
What is the highest common divisor of 12 and 236?
4
What is the greatest common divisor of 888 and 6512?
296
Calculate the greatest common factor of 5733 and 26.
13
What is the highest common divisor of 754 and 33553?
377
Calculate the greatest common factor of 416 and 8.
8
What is the highest common divisor of 193 and 2?
1
Calculate the greatest common divisor of 76 and 57.
19
What is the greatest common divisor of 78 and 2946?
6
What is the highest common factor of 750 and 375?
375
What is the highest common divisor of 322 and 184?
46
Calculate the greatest common factor of 117 and 533.
13
Calculate the highest common factor of 1228 and 32849.
307
What is the highest common factor of 12 and 1590?
6
What is the highest common factor of 31 and 3751?
31
Calculate the highest common divisor of 228 and 1273.
19
Calculate the greatest common factor of 663 and 68.
17
What is the greatest common divisor of 33 and 759?
33
Calculate the greatest common factor of 1083 and 57.
57
What is the greatest common divisor of 542 and 2?
2
Calculate the greatest common divisor of 25 and 40.
5
Calculate the greatest common divisor of 161 and 92.
23
What is the greatest common factor of 12 and 276?
12
Calculate the highest common factor of 440 and 1144.
88
What is the greatest common factor of 14 and 47838?
14
What is the greatest common divisor of 1380 and 260?
20
Calculate the greatest common divisor of 57 and 8835.
57
Calculate the greatest common factor of 1862 and 190.
38
Calculate the highest common factor of 200 and 120.
40
Calculate the greatest common factor of 45 and 15.
15
Calculate the greatest common factor of 37 and 111.
37
Calculate the highest common divisor of 73 and 73.
73
Calculate the highest common divisor of 385 and 315.
35
Calculate the greatest common divisor of 168 and 280.
56
Calculate the highest common divisor of 614 and 1.
1
What is the greatest common divisor of 26 and 5174?
26
What is the highest common divisor of 4554 and 792?
198
Calculate the highest common divisor of 253 and 66.
11
Calculate the greatest common divisor of 456 and 57.
57
What is the greatest common divisor of 22 and 286?
22
Calculate the highest common factor of 60 and 1500.
60
Calculate the greatest common factor of 3211 and 3952.
247
Calculate the highest common factor of 1545 and 721.
103
What is the greatest common factor of 7 and 371?
7
Calculate the greatest common factor of 144 and 8.
8
What is the highest common factor of 286 and 22?
22
Calculate the highest common factor of 36 and 1896.
12
Calculate the greatest common divisor of 4 and 10372.
4
What is the highest common divisor of 132 and 60?
12
Calculate the greatest common divisor of 56 and 7.
7
What is the highest common factor of 10710 and 504?
126
What is the greatest common divisor of 11 and 121?
11
Calculate the highest common divisor of 146 and 16717.
73
Calculate the greatest common divisor of 1632 and 96.
96
Calculate the highest common factor of 4089 and 261.
87
What is the highest common divisor of 171 and 45?
9
What is the highest common divisor of 2871 and 116?
29
What is the highest common divisor of 17 and 51?
17
What is the highest common factor of 160 and 220?
20
Calculate the greatest common factor of 520 and 160.
40
What is the greatest common factor of 6894 and 18?
18
Calculate the greatest common factor of 2 and 16.
2
Calculate the highest common divisor of 2783 and 115.
23
Calculate the highest common divisor of 13 and 78.
13
What is the greatest common divisor of 1664 and 4680?
104
What is the highest common factor of 3128 and 161?
23
Calculate the greatest common divisor of 5054 and 399.
133
What is the greatest common divisor of 23 and 17503?
23
What is the highest common factor of 42 and 28?
14
Calculate the highest common divisor of 5058 and 36.
18
What is the highest common divisor of 390 and 210?
30
What is the greatest common divisor of 21450 and 130?
130
What is the highest common factor of 325 and 7775?
25
What is the highest common divisor of 60 and 540?
60
What is the greatest common factor of 6 and 129?
3
What is the highest common divisor of 17 and 391?
17
Calculate the greatest common divisor of 110 and 66.
22
What is the greatest common factor of 189 and 231?
21
Calculate the greatest common divisor of 15 and 45.
15
What is the greatest common divisor of 256 and 76?
4
What is the highest common divisor of 19 and 323?
19
Calculate the highest common factor of 21291 and 453.
453
What is the greatest common factor of 207 and 460?
23
Calculate the highest common divisor of 59 and 1475.
59
Calculate the greatest common divisor of 232 and 1566.
58
What is the greatest common divisor of 7 and 5103?
7
What is the greatest common divisor of 300 and 12?
12
Calculate the highest common divisor of 9888 and 384.
96
Calculate the greatest common divisor of 1550 and 2170.
310
What is the greatest common factor of 2 and 22?
2
What is the highest common divisor of 70 and 14?
14
Calculate the highest common divisor of 1175 and 94.
47
What is the greatest common factor of 120 and 73740?
60
What is the greatest common factor of 53805 and 85?
85
What is the highest common factor of 408 and 48?
24
What is the highest common factor of 780 and 1365?
195
What is the greatest common factor of 140 and 80?
20
What is the greatest common divisor of 16 and 446?
2
Calculate the highest common divisor of 3 and 9543.
3
What is the greatest common divisor of 8652 and 103?
103
Calculate the greatest common factor of 120 and 312.
24
Calculate the highest common divisor of 53 and 3498.
53
Calculate the highest common divisor of 52 and 247.
13
Calculate the highest common factor of 199 and 3781.
199
Calculate the highest common divisor of 40802 and 138.
46
What is the greatest common factor of 175 and 100?
25
What is the greatest common divisor of 1180 and 10384?
236
What is the highest common divisor of 6 and 732?
6
Calculate the greatest common factor of 24824 and 232.
232
Calculate the highest common divisor of 40 and 230.
10
What is the greatest common divisor of 713 and 217?
31
Calculate the highest common factor of 580 and 4176.
116
Calculate the greatest common factor of 720 and 1152.
144
What is the highest common factor of 55 and 20?
5
Calculate the highest common factor of 17 and 272.
17
What is the highest common divisor of 276 and 3726?
138
What is the greatest common factor of 18 and 288?
18
Calculate the highest common divisor of 204 and 1500.
12
What is the highest common divisor of 56 and 3682?
14
Calculate the greatest common divisor of 3 and 1569.
3
Calculate the greatest common factor of 143 and 325.
13
What is the greatest common factor of 7160 and 160?
40
What is the highest common factor of 158 and 553?
79
Calculate the highest common divisor of 9 and 2439.
9
Calculate the highest common divisor of 209 and 437.
19
Calculate the greatest common divisor of 1587 and 253.
23
What is the greatest common factor of 1580 and 1820?
20
What is the greatest common divisor of 856 and 8?
8
Calculate the highest common divisor of 3090 and 60.
30
Calculate the greatest common factor of 39 and 16172.
13
Calculate the highest common factor of 2 and 386.
2
Calculate the greatest common factor of 372 and 12.
12
What is the greatest common divisor of 175 and 315?
35
What is the greatest common factor of 1635 and 90?
15
Calculate the greatest common factor of 246 and 8979.
123
What is the greatest common factor of 254 and 6223?
127
Calculate the greatest common divisor of 63 and 861.
21
What is the highest common factor of 68472 and 432?
216
Calculate